+ 11 - i**2 + 16*i - 21*i - 6*i. Let q(s) be the second derivative of -s**4/12 + 7*s**3/6 - 4*s**2 - 2*s. Let w be q(7). What is b(w)?
-5
Suppose 3*k - 11 = -2*x, 0*x = -k - 4*x - 13. Suppose g + 19 = 5*f - k, -5*f + 24 = g. Let l(b) = 12*b. What is l(g)?
-12
Let x(c) be the second derivative of -c**6/120 - c**5/15 + c**4/6 + 3*c**3/2 - 43*c**2 + 24*c + 1. Let l(b) be the first derivative of x(b). Give l(-4).
-7
Let q(v) = -3*v**2 + 8*v - 1. Let u be q(2). Suppose -54 = -u*m + 12*m. Let i(j) = -j**2 - 4*j + 6. Calculate i(m).
-6
Let r(q) = 50*q**3 + 2*q**2 - 1. Let u = -8114 - -8113. Give r(u).
-49
Let s(k) = -k**3 - 10*k**2 - 13*k - 21. Let l be 3/(-5) - ((-572)/(-80) - 10/(-8)). Give s(l).
15
Let z be (-6)/4*(-16)/(-3). Let h(y) = 13*y**3 + 9*y**2 + 11*y - 16. Let p(f) = -12*f**3 - 6*f - 2. Let v(q) = h(q) + p(q). What is v(z)?
6
Let g(u) = 53*u**2 + 22*u + 20977 - 21192 + u**3 + 26*u. Give g(-52).
-7
Suppose 5*b = 4*b - 6. Let g(k) = -8*k + 12*k - 3 - 5*k + 4 + 0. What is g(b)?
7
Let x = 8 - 5. Let a(v) = v**x + 2*v**2 - 12*v + 3*v - 2 + 7*v. Let g be (3 + -7)*(-16)/(-32). What is a(g)?
2
Let z(j) be the first derivative of -j**3/3 - 15*j**2 - 86*j + 7494. Determine z(-3).
-5
Let w(q) = -126*q - 9207. Let a be w(-73). Let y(r) = -3*r**2 - 25*r + 6. Give y(a).
-12
Let t(k) be the third derivative of 115*k**2 + 0*k + 0 - 1/12*k**4 + 1/2*k**3. Give t(8).
-13
Let y(g) be the third derivative of -1 + 0*g + 1/24*g**4 + 1/2*g**3 + 2*g**2. Let m = -3 + 3. Give y(m).
3
Let m(b) = -8*b - 1. Suppose -k + 3*o + 15 = 28, -2*k = -2*o + 22. Suppose 41 = -5*p - 3*y, 5*y - 28 - 27 = 4*p. Let c be 4/p*(-3)/(-12)*k. What is m(c)?
-9
Let a(b) = -4*b + 5. Suppose 3*h = 15, -2*p + 38 + 42 = -2*h. Let v be 5/(-2)*90/p. What is a(v)?
25
Let m(w) be the second derivative of w**3/6 + 7*w**2 + 15*w. Suppose 0 = -2*k - 2*k + n + 229, 0 = -5*k - 5*n + 280. Let b = k - 65. Give m(b).
6
Let y(w) = w**2 - 3*w - 3. Let p be (1 + -34)/(-3) - 7. Let f be (21 + -25)*(p + -2 + -3). Give y(f).
1
Let f(j) = -29*j + 729. Let n(v) = -344*v - 2383. Let b be n(-7). Calculate f(b).
4
Let x(g) = 47*g**3 - 2*g**2 - 2*g + 2. Suppose 10 = -337*t + 339*t, 2*l = 2*t - 8. Give x(l).
45
Let g(u) = 4*u**2 + 6*u - 2. Let d(m) = -m**2 - m + 1. Let b(o) = 3*d(o) + g(o). Let r = -25 + 17. Let s = -10 - r. What is b(s)?
-1
Let q(d) = d**2 + 8*d + 9. Let f(a) be the second derivative of -4*a**2 + 1/6*a**3 + 0 + 42*a. Let h be f(2). Give q(h).
-3
Suppose 2*s = -i + 16, -79 = -4*s - 5*i - 35. Let o(b) be the third derivative of -b**4/12 + b**3/3 - 8*b**2. Calculate o(s).
-10
Suppose 3*n = -2*w - 2*n + 27, -w + n + 3 = 0. Let y(q) be the first derivative of -10 + q - 3*q**2 + 1/3*q**3. Give y(w).
1
Let r(f) = -f - 13. Let u be (4/(-22))/((48/66)/(-8)). Suppose 2*z = 5*q + 85, -2*q + u*z + 85 = -7*q. Calculate r(q).
4
Let d(a) = -3 - 2 - a + 1. Let u = -9228 + 9223. Give d(u).
1
Let m(c) be the third derivative of c**5/60 - 13*c**4/24 - 9*c**3/2 + 990*c**2. Calculate m(19).
87
Let r(v) = 6*v - 9. Let b(g) = 3*g - 4. Let q(k) = 5*b(k) - 3*r(k). Suppose 96*x = 89*x + 77. Suppose -341 + 396 = x*i. Determine q(i).
-8
Let m(y) be the second derivative of y**7/2520 - y**6/720 + y**5/120 - 99*y**4/4 + 92*y + 1. Let w(c) be the third derivative of m(c). What is w(3)?
7
Let q = 5371 + -5365. Let d(u) = 70*u - 417. Determine d(q).
3
Let i(s) = s**3 - 11*s**2 - 40*s - 27. Let a be i(14). Let l(q) = -5*q + 19. Let c(b) = b - 2. Let t(m) = a*l(m) + 6*c(m). What is t(-5)?
2
Let q be 90/(-22) - 6/396*-6. Let k(h) = -2*h - 18. Determine k(q).
-10
Let l(x) = -x**2 + 26*x - 113. Suppose -3*r - 63 = d - 128, 109 = 5*r + 2*d. Calculate l(r).
-8
Let j = -6 - -5. Let i(y) be the third derivative of -y**6/40 - y**5/120 + 7*y**4/24 - 11*y**2. Let f(q) be the second derivative of i(q). Determine f(j).
17
Let y(g) = -g**3 - 9*g**2 + 14*g + 12. Suppose 0 = -4*c - 305*k + 310*k - 60, -2*k + 8 = 0. What is y(c)?
-28
Let p(t) = 5*t**3 + 374 + 5*t - 93 - 284. What is p(2)?
47
Let q(f) = -2*f**2 + 47*f - 217. Let m be q(6). Let a(b) = -b**3 - 7*b**2 - 14*b - 4. Calculate a(m).
94
Suppose 24 = -5*i - 4*v, 0 = -i - 3*v - v - 8. Let s(p) be the third derivative of p**5/60 - p**4/24 - 2*p**3/3 + 615*p**2 - 34. Give s(i).
16
Let j be 2/(8 + (-35)/5). Let y(g) = -g**2 - 71*g + 72*g + 0*g**j + 14*g**3 - 1. Calculate y(1).
13
Let b be (-110)/26 - 3600/4680. Let k(v) = v - 3. Let c(t) = 1. Let i(d) = 4*c(d) + k(d). Determine i(b).
-4
Let v(n) = 12*n - 4. Let x(a) = -8*a + 3. Let h(f) = -v(f) - 2*x(f). What is h(-9)?
-38
Let n(u) = 25*u - 26*u + 2 + 1 - 4. Let k be (-4)/(4 + (-22)/5). Let c = -4 + k. What is n(c)?
-7
Let n = 7 - 5. Let t be 24 + 1 + (2/4 - (-18)/(-4)). Let w(i) = 2*i**2 + 3*i**2 + i**3 + t - 18 + 2*i - i**n. What is w(-4)?
-5
Let l(d) = -43*d - 1. Suppose -107*g + 174 = -40. Give l(g).
-87
Let z(o) = -26 - 62 - 17 + 57*o - 67*o - 75. Determine z(-20).
20
Let v(m) = 9*m**2 + 10*m + 6. Let f = 59 - 58. Let x(r) = 6*r - f - r + 4 + 5*r**2. Let b(u) = 6*v(u) - 11*x(u). Determine b(5).
3
Let p(t) = t**2 + 4*t**2 - 4*t - 6 + 7 - 4*t**2 + 7*t. Suppose -103*u = -98*u + 25. Give p(u).
11
Let h = 9 + -13. Let v = -11 - h. Let g(p) be the third derivative of p**4/24 + 4*p**3/3 + 9*p**2 + 106. Give g(v).
1
Let z(n) = -12*n + 1. Let p(x) be the first derivative of -x**4/4 + 2*x**3 - 3*x**2 + 8*x - 21. Let d be p(5). Determine z(d).
-35
Let k be 3/(((-15)/(-22))/(-5) - 0). Let m = -19 - k. Let x be 1 + m + -2 + -1. Let a(g) = -15*g + 1. Calculate a(x).
-14
Let n(j) = -4*j - 6. Let g be 92/12 + (2/2)/3. Let s(m) = m**3 - 7*m**2 - 7*m - 11. Let k be s(g). Calculate n(k).
6
Let v(k) = 2*k - 5*k**2 - k**3 - 3 - 2 + k. Let n = -166 + 179. Suppose 3*u = -4*r + n - 47, 4*u + 4 = 5*r. Give v(u).
13
Let o be -2*(-4 + (-2 - -3) + 5). Let m(j) = 1 + 2*j - 2*j + 2*j + 2. Let v be m(o). Let y(n) = -n**2 - 5*n. Give y(v).
0
Let q(d) = -d**3 - 4*d**2 - 6*d + 14. Let s(v) = 41*v - 3*v**2 + 14 - 82*v - v**3 + 33*v. Let p(k) = -5*q(k) + 4*s(k). Give p(-8).
2
Let t(f) = -f + 90 - 91 - 3*f. Let p(z) = -z**3 - 7*z**2 - 6*z + 2. Let b be p(-6). Suppose 4*c - 2*k = 0, -b*c - k = 2*k - 16. Calculate t(c).
-9
Suppose 8 = 5*y - 2. Let v(o) = -9*o + 14*o - 5 + y. Suppose 11*g = 7*g + 8. What is v(g)?
7
Suppose -4*d = 5*j - 165, j - 24 = 3*d - 162. Let i(y) = 6*y - 254. Give i(d).
16
Let t(r) be the second derivative of -17*r**3/2 - 153*r**2 + 11094*r. Determine t(-6).
0
Let d(b) = b**2 + 61*b - 1224. Let p be d(16). Let q(s) = s**2 - 4*s - 22. Calculate q(p).
10
Let d be (3/12)/((-4)/16*-1). Suppose 5*u - 3*c + d - 46 = 0, -3*c = 2*u + 3. Suppose u*m = -1 - 11. Let y(z) = z**2 + z - 1. Calculate y(m).
1
Let w(v) = 3*v**2 - 9*v - 6. Suppose 3*n + 7 = -2*m, -2*n + n = m + 1. Let z(p) = 5*p**2 - 15*p - 9. Let y(h) = n*z(h) + 8*w(h). What is y(1)?
-1
Let w(z) = 235*z + 1411. Let v be w(-6). Let p(q) = 6*q - 30. Give p(v).
-24
Let b(f) = -3*f**3 - 37*f**2 + 85*f - 111. Let x(q) = -5*q**3 - 55*q**2 + 128*q - 169. Let w(v) = 8*b(v) - 5*x(v). Determine w(19).
-5
Let m(j) = 3*j**2 - 12*j. Let v(n) = 16*n**2 - 68*n + 8. Let l(d) = 5*m(d) - v(d). Give l(7).
-1
Let y(u) = u**2 + 23*u - 4. Let q(x) = -x**2 - 27*x + 6. Let p(t) = 4*q(t) + 5*y(t). Let c(i) = -i - 7. Let b be c(-3). Determine p(b).
-8
Let a(c) be the first derivative of -167 + 4*c**3 + 1/4*c**4 + 10*c**2 - 10*c. What is a(-10)?
-10
Let u(m) = -47*m**2 + 2*m + 7. Let o be u(-3). Let t = o - -432. Let s(b) = b - 20. Calculate s(t).
-10
Let z(k) = 4*k - 13*k + 5*k - 2*k + 0 + 1. Let p be 6/(-6)*(0 + 1). Give z(p).
7
Let m = -30 - -31. Suppose 0 = 17*g + 50 + m. Let w(l) be the third derivative of l**5/30 + 5*l**4/24 + 2*l**3/3 + l**2. Determine w(g).
7
Let t(q) be the second derivative of -q**5/60 + 5*q**4/24 - q**3 - 7*q**2/2 - 105*q. Let l(w) be the first derivative of t(w). What is l(3)?
0
Let r(z) be the first derivative of z**4/4 - z**3 + z**2/2 - 2*z + 1. Let n(u) = u**3 + 136*u**2 - 2099*u - 11. Let a be n(14). Determine r(a).
1
Let r = -419 + 421. Let w(m) = r*m + 2*m - 2*m + m - 2*m. What is w(-1)?
-1
Suppose n - 4 = -x - 1, -n + 15 = -5*x. Suppose -3*b + 5*q = 8 - 7, -b + n*q - 7 = 0. Let g(f) = -3 - b - 15*f + 16*f + 4. What is g(0)?
-2
Suppose 3*q = -0*q + 12, -2*p - 18 = -4*q. Let y(j) = -6*j**3 + j**